nder when 21242 is divided by 3.
2
What is the remainder when 9716 is divided by 2389?
160
Calculate the remainder when 21527 is divided by 310.
137
Calculate the remainder when 4782 is divided by 198.
30
What is the remainder when 3269 is divided by 606?
239
Calculate the remainder when 97594 is divided by 200.
194
Calculate the remainder when 1738 is divided by 26.
22
Calculate the remainder when 774 is divided by 391.
383
Calculate the remainder when 188112 is divided by 14.
8
Calculate the remainder when 7113 is divided by 85.
58
Calculate the remainder when 1188 is divided by 474.
240
Calculate the remainder when 52156 is divided by 1539.
1369
Calculate the remainder when 38453 is divided by 221.
220
Calculate the remainder when 1173 is divided by 662.
511
Calculate the remainder when 5004 is divided by 995.
29
What is the remainder when 3463 is divided by 166?
143
What is the remainder when 19887 is divided by 101?
91
What is the remainder when 2030 is divided by 17?
7
What is the remainder when 214797 is divided by 75?
72
What is the remainder when 12909 is divided by 75?
9
What is the remainder when 2710 is divided by 899?
13
What is the remainder when 3764 is divided by 82?
74
What is the remainder when 2560 is divided by 1255?
50
Calculate the remainder when 2536210 is divided by 12.
10
What is the remainder when 3605 is divided by 119?
35
Calculate the remainder when 7698 is divided by 24.
18
Calculate the remainder when 731 is divided by 214.
89
What is the remainder when 8155 is divided by 2717?
4
Calculate the remainder when 75358 is divided by 26.
10
What is the remainder when 2098 is divided by 940?
218
What is the remainder when 77906 is divided by 105?
101
What is the remainder when 123706 is divided by 261?
253
Calculate the remainder when 2395 is divided by 475.
20
What is the remainder when 1173761 is divided by 25?
11
What is the remainder when 380729 is divided by 222?
221
Calculate the remainder when 66775 is divided by 17.
16
What is the remainder when 290007 is divided by 75?
57
What is the remainder when 475592 is divided by 365?
362
Calculate the remainder when 3453 is divided by 1213.
1027
What is the remainder when 6095 is divided by 5605?
490
What is the remainder when 11849 is divided by 15?
14
What is the remainder when 11777 is divided by 29?
3
Calculate the remainder when 608211 is divided by 27.
9
Calculate the remainder when 5136 is divided by 629.
104
What is the remainder when 1034775 is divided by 19?
16
Calculate the remainder when 1004413 is divided by 321.
4
Calculate the remainder when 211852 is divided by 41.
5
Calculate the remainder when 3957 is divided by 167.
116
What is the remainder when 73379 is divided by 1989?
1775
What is the remainder when 3439 is divided by 341?
29
Calculate the remainder when 9749516 is divided by 163.
160
What is the remainder when 96356 is divided by 38?
26
What is the remainder when 213122 is divided by 775?
772
Calculate the remainder when 14756 is divided by 259.
252
Calculate the remainder when 19884 is divided by 19847.
37
Calculate the remainder when 444425 is divided by 6.
5
What is the remainder when 1585 is divided by 156?
25
What is the remainder when 586395 is divided by 19?
17
What is the remainder when 40117 is divided by 17?
14
What is the remainder when 6092 is divided by 245?
212
What is the remainder when 83158 is divided by 41555?
48
What is the remainder when 5418 is divided by 1081?
13
What is the remainder when 178512 is divided by 17?
12
What is the remainder when 649360 is divided by 8544?
16
What is the remainder when 11118 is divided by 148?
18
What is the remainder when 10077 is divided by 86?
15
What is the remainder when 45459 is divided by 1513?
69
What is the remainder when 32013 is divided by 23?
20
What is the remainder when 113545 is divided by 70?
5
Calculate the remainder when 243607 is divided by 34.
31
Calculate the remainder when 22670 is divided by 129.
95
What is the remainder when 90621 is divided by 1092?
1077
What is the remainder when 18518 is divided by 171?
50
What is the remainder when 2970 is divided by 2968?
2
What is the remainder when 19869 is divided by 382?
5
Calculate the remainder when 1246 is divided by 217.
161
What is the remainder when 35963 is divided by 25?
13
Calculate the remainder when 10100 is divided by 2508.
68
What is the remainder when 12227 is divided by 5986?
255
Calculate the remainder when 4193 is divided by 218.
51
What is the remainder when 26634 is divided by 329?
314
What is the remainder when 204600 is divided by 12786?
24
What is the remainder when 517218 is divided by 552?
546
What is the remainder when 6551 is divided by 3268?
15
What is the remainder when 9111 is divided by 569?
7
What is the remainder when 14424 is divided by 11?
3
What is the remainder when 948 is divided by 94?
8
Calculate the remainder when 31906 is divided by 13.
4
Calculate the remainder when 2270 is divided by 428.
130
What is the remainder when 9116 is divided by 122?
88
What is the remainder when 30171 is divided by 1865?
331
What is the remainder when 8123 is divided by 1980?
203
What is the remainder when 7892 is divided by 1086?
290
Calculate the remainder when 1360 is divided by 346.
322
What is the remainder when 113873 is divided by 56930?
13
Calculate the remainder when 42462 is divided by 42394.
68
What is the remainder when 19437 is divided by 1032?
861
Calculate the remainder when 1076 is divided by 119.
5
What is the remainder when 3543 is divided by 127?
114
Calculate the remainder when 40635 is divided by 17.
5
What is the remainder when 4889 is divided by 216?
137
Calculate the remainder when 319501 is divided by 29.
8
What is the remainder when 30177 is divided by 539?
532
Calculate the remainder when 579973 is divided by 1221.
1219
What is the remainder when 647214 is divided by 143?
139
What is the remainder when 276501 is divided by 1463?
1457
Calculate the remainder when 4667 is divided by 150.
17
Calculate the remainder when 10736471 is divided by 2701.
2697
Calculate the remainder when 877 is divided by 263.
88
Calculate the remainder when 205392 is divided by 2208.
48
What is the remainder when 352394 is divided by 19?
1
What is the remainder when 10171 is divided by 410?
331
Calculate the remainder when 14989 is divided by 288.
13
Calculate the remainder when 29218 is divided by 29213.
5
Calculate the remainder when 682791 is divided by 14.
11
Calculate the remainder when 13748 is divided by 1281.
938
Calculate the remainder when 6982 is divided by 170.
12
Calculate the remainder when 18733 is divided by 416.
13
Calculate the remainder when 3159 is divided by 17.
14
Calculate the remainder when 5701 is divided by 126.
31
Calculate the remainder when 47793 is divided by 64.
49
Calculate the remainder when 108888 is divided by 21771.
33
Calculate the remainder when 44872 is divided by 196.
184
What is the remainder when 26779 is divided by 79?
77
What is the remainder when 3074 is divided by 772?
758
What is the remainder when 47918 is divided by 42?
38
What is the remainder when 5428 is divided by 685?
633
Calculate the remainder when 6599 is divided by 664.
623
What is the remainder when 669 is divided by 110?
9
Calculate the remainder when 5579 is divided by 261.
98
Calculate the remainder when 102036 is divided by 34011.
3
What is the remainder when 786 is divided by 40?
26
What is the remainder when 3261 is divided by 26?
11
Calculate the remainder when 403194 is divided by 360.
354
Calculate the remainder when 13184 is divided by 1883.
3
Calculate the remainder when 26090 is divided by 25860.
230
What is the remainder when 12058 is divided by 602?
18
Calculate the remainder when 16467 is divided by 471.
453
What is the remainder when 3688 is divided by 407?
25
Calculate the remainder when 12895 is divided by 210.
85
What is the remainder when 339471 is divided by 784?
783
Calculate the remainder when 10366 is divided by 104.
70
What is the remainder when 2228 is divided by 1097?
34
What is the remainder when 43903 is divided by 8?
7
Calculate the remainder when 9798 is divided by 299.
230
What is the remainder when 2579 is divided by 39?
5
What is the remainder when 4231 is divide